02?
8
What is the hundred thousands digit of 65918375?
9
What is the millions digit of 68398184?
8
What is the hundred thousands digit of 192865427?
8
What is the tens digit of 74373480?
8
What is the millions digit of 94386102?
4
What is the hundred thousands digit of 1156643503?
6
What is the ten thousands digit of 5083023884?
2
What is the units digit of 4318112665?
5
What is the thousands digit of 174485049?
5
What is the ten millions digit of 130289663?
3
What is the tens digit of 50082571?
7
What is the ten millions digit of 2968007273?
6
What is the hundreds digit of 1030986728?
7
What is the hundred millions digit of 6855647954?
8
What is the hundred millions digit of 3210781745?
2
What is the ten thousands digit of 64216657?
1
What is the hundreds digit of 1856405231?
2
What is the thousands digit of 14667081?
7
What is the ten millions digit of 2604014908?
0
What is the thousands digit of 184831686?
1
What is the hundreds digit of 3471095908?
9
What is the hundreds digit of 48019405?
4
What is the tens digit of 620891488?
8
What is the tens digit of 32830894?
9
What is the millions digit of 334431011?
4
What is the hundred millions digit of 435410582?
4
What is the ten millions digit of 349049651?
4
What is the hundred thousands digit of 220996057?
9
What is the millions digit of 1807459346?
7
What is the millions digit of 66040769?
6
What is the thousands digit of 158959475?
9
What is the units digit of 1108488151?
1
What is the tens digit of 805438908?
0
What is the hundred thousands digit of 215480155?
4
What is the hundreds digit of 62719806?
8
What is the hundreds digit of 99486268?
2
What is the hundreds digit of 141380305?
3
What is the hundreds digit of 1621021978?
9
What is the hundred millions digit of 2413276389?
4
What is the tens digit of 193707292?
9
What is the hundreds digit of 20676239?
2
What is the tens digit of 715814879?
7
What is the millions digit of 688148800?
8
What is the ten thousands digit of 1810963770?
6
What is the ten thousands digit of 280568177?
6
What is the hundreds digit of 55121791?
7
What is the hundred millions digit of 246641130?
2
What is the thousands digit of 187105835?
5
What is the ten millions digit of 19095847?
1
What is the hundreds digit of 170702366?
3
What is the millions digit of 1732130968?
2
What is the ten millions digit of 86269743?
8
What is the thousands digit of 86372304?
2
What is the thousands digit of 8721771404?
1
What is the hundreds digit of 30273148?
1
What is the tens digit of 1128646652?
5
What is the ten millions digit of 170573716?
7
What is the tens digit of 117091860?
6
What is the ten millions digit of 192103814?
9
What is the hundred millions digit of 2860022420?
8
What is the units digit of 1332581775?
5
What is the ten millions digit of 4100581968?
0
What is the units digit of 161939587?
7
What is the ten millions digit of 1049746315?
4
What is the tens digit of 30483715?
1
What is the hundred thousands digit of 1031853895?
8
What is the millions digit of 1088986858?
8
What is the ten thousands digit of 157066267?
6
What is the units digit of 362992247?
7
What is the ten millions digit of 201015571?
0
What is the ten thousands digit of 270071960?
7
What is the tens digit of 144465282?
8
What is the ten thousands digit of 352103993?
0
What is the thousands digit of 5199911044?
1
What is the thousands digit of 3257122846?
2
What is the units digit of 81761930?
0
What is the hundred thousands digit of 70680225?
6
What is the thousands digit of 186168408?
8
What is the ten millions digit of 5041890384?
4
What is the thousands digit of 598587059?
7
What is the hundred thousands digit of 29679913?
6
What is the ten thousands digit of 15311395?
1
What is the ten millions digit of 19763283?
1
What is the units digit of 1596221457?
7
What is the ten millions digit of 513398801?
1
What is the thousands digit of 1449905996?
5
What is the thousands digit of 39115613?
5
What is the tens digit of 60871035?
3
What is the thousands digit of 69323261?
3
What is the tens digit of 73128151?
5
What is the millions digit of 172204287?
2
What is the tens digit of 325527100?
0
What is the units digit of 31526704?
4
What is the thousands digit of 157474760?
4
What is the thousands digit of 437139319?
9
What is the thousands digit of 40617424?
7
What is the tens digit of 76474402?
0
What is the hundred millions digit of 250339725?
2
What is the ten thousands digit of 76700095?
0
What is the ten millions digit of 803589643?
0
What is the hundred millions digit of 192929344?
1
What is the hundreds digit of 403161172?
1
What is the hundred millions digit of 171347782?
1
What is the hundreds digit of 48094281?
2
What is the ten thousands digit of 83272583?
7
What is the tens digit of 914504184?
8
What is the hundred thousands digit of 854522455?
5
What is the units digit of 2378873003?
3
What is the billions digit of 1943395229?
1
What is the tens digit of 4863978476?
7
What is the hundred thousands digit of 32043686?
0
What is the tens digit of 62631937?
3
What is the units digit of 333303074?
4
What is the hundreds digit of 128197613?
6
What is the millions digit of 786295224?
6
What is the thousands digit of 1068236424?
6
What is the millions digit of 59997408?
9
What is the tens digit of 2743117646?
4
What is the units digit of 150195041?
1
What is the units digit of 97671695?
5
What is the tens digit of 1809752858?
5
What is the units digit of 43369497?
7
What is the thousands digit of 803724990?
4
What is the ten thousands digit of 800667038?
6
What is the hundred thousands digit of 69040684?
0
What is the thousands digit of 3742059699?
9
What is the millions digit of 111933231?
1
What is the hundred millions digit of 715609245?
7
What is the billions digit of 1227924858?
1
What is the hundred thousands digit of 40645470?
6
What is the millions digit of 324173437?
4
What is the thousands digit of 1898686837?
6
What is the units digit of 81227304?
4
What is the units digit of 42909490?
0
What is the billions digit of 4219850151?
4
What is the millions digit of 1862363248?
2
What is the thousands digit of 2087306?
7
What is the units digit of 48790729?
9
What is the hundred thousands digit of 169243?
1
What is the tens digit of 47420284?
8
What is the thousands digit of 6708899372?
9
What is the ten thousands digit of 59201984?
0
What is the ten millions digit of 62438812?
6
What is the hundred thousands digit of 78320947?
3
What is the ten thousands digit of 3721202971?
0
What is the hundred thousands digit of 105639580?
6
What is the ten millions digit of 118810367?
1
What is the units digit of 3198366917?
7
What is the thousands digit of 60949522?
9
What is the hundreds digit of 3676475283?
2
What is the hundred thousands digit of 53271969?
2
What is the hundred millions digit of 891826267?
8
What is the units digit of 42398140?
0
What is the millions digit of 488337053?
8
What is the hundred millions digit of 2329554637?
3
What is the ten millions digit of 4357412008?
5
What is the ten thousands digit of 1095356117?
5
What is the tens digit of 770133022?
2
What is the units digit of 1969222731?
1
What is the hundred thousands digit of 49852594?
8
What is the units digit of 313503?
3
What is the millions digit of 1654565420?
4
What is the ten thousands digit of 47525132?
2
What is the hundred millions digit of 203607017?
2
What is the tens digit of 25919959?
5
What is the ten millions digit of 45531053?
4
What is the ten millions digit of 2008216879?
0
What is the hundreds digit of 275530400?
4
What is the thousands digit of 1989883?
9
What is the units digit of 317940377?
7
What is the millions digit of 2819753584?
9
What is the ten millions digit of 1491014011?
9
What is the hundred thousands digit of 390162740?
1
What is the hundred thousands digit of 442388385?
3
What is the hundred thousands digit of 1154920688?
9
What is the units digit of 6993038?
8
What is the millions digit of 100938868?
0
What is the billions digit of 3659951278?
3
What is the thousands digit of 175754548?
4
What is the ten thousands digit of 592964821?
6
What is the tens digit of 194063775?
7
What is the hundred thousands digit of 951108416?
1
What is the ten millions digit of 394928865?
9
What is